2 - 30*t - 29. Give a(20).
-229
Let b(d) = -d**3 - 12*d**2 - 27*d - 181. What is b(-11)?
-5
Let k(r) = -22381*r + 537145. Determine k(24).
1
Let o(h) = -592*h + 5346. Calculate o(9).
18
Let s(j) = -j**3 - 169*j**2 + 304*j - 6522. Determine s(-171).
-24
Let o(n) = -38*n**3 + 3*n**2 - 23*n + 36. Calculate o(2).
-302
Let m(o) = -3*o**3 + 140*o**2 + 46*o + 189. Give m(47).
142
Let x(w) = w**2 + 83*w - 335. Give x(4).
13
Let a(v) = v**3 - 7*v**2 - 16*v + 63. Determine a(6).
-69
Let l(s) = -49*s**2 + 4849*s + 215. Give l(99).
17
Let u(r) = 371*r + 4105. Determine u(-11).
24
Let h(t) = t**3 + 219*t**2 + 420*t - 3035. Calculate h(-217).
3
Let z(f) = 3*f**2 + 21*f - 38. Give z(2).
16
Let q(d) = -d**2 - 19*d - 56. Calculate q(-19).
-56
Let d(u) = 10*u**2 + 972*u + 192. Determine d(-97).
-2
Let o(u) = -u**3 - 7*u**2 - 8*u - 13. Calculate o(-3).
-25
Let u(i) = -9*i - 56. Give u(-26).
178
Let f(j) = -2*j**3 - 79*j**2 - 31*j + 9. Determine f(-39).
-303
Let h(k) = 1713*k. What is h(0)?
0
Let p(q) = q**3 + 31*q**2 - 32*q + 39. Calculate p(-32).
39
Let j(s) = 25*s - 924. Give j(38).
26
Let f(k) = -7*k**2 + 544*k + 134. Determine f(78).
-22
Let i(q) = -40*q - 4526. Calculate i(-113).
-6
Let x(d) = -d**2 + 247*d - 4935. Give x(22).
15
Let h(k) = k**2 + 25*k + 108. What is h(-28)?
192
Let o(i) = 2*i**2 - 117*i - 984. Calculate o(66).
6
Let c(m) = 2*m**3 - 26*m**2 + 16*m + 86. Give c(12).
-10
Let t(k) = 144*k + 7323. Calculate t(-51).
-21
Let a(q) = -q**3 - 7*q**2 + 45*q + 10. What is a(-11)?
-1
Let o(p) = -p**2 + 16*p + 87. Calculate o(19).
30
Let j(n) = n**3 + 240*n**2 + 242*n + 705. Give j(-239).
-12
Let b(s) = -16*s**2 - 20*s + 23. What is b(1)?
-13
Let t(z) = -z**3 - 20*z**2 + 5*z - 393. Give t(-21).
-57
Let s(r) = -18*r**2 - 562*r + 33. Calculate s(-31).
157
Let a(t) = -t**3 - 239*t**2 + 953*t - 4614. Determine a(-243).
3
Let u(t) = -13*t**2 + 136*t + 1766. What is u(18)?
2
Let w(u) = 89*u + 679. Determine w(-7).
56
Let b(n) = 1193*n + 41752. What is b(-35)?
-3
Let c(s) = -46*s + 1666. Determine c(47).
-496
Let r(h) = -h**3 - 11*h**2 + 16*h - 178. Calculate r(-14).
186
Let j(x) = -x**2 - 40*x - 128. What is j(-4)?
16
Let x(y) = y**2 + 44*y + 56. Calculate x(-42).
-28
Let d(f) = -f**3 + 13*f**2 - 8*f - 113. Determine d(4).
-1
Let h(l) = -54*l + 164. Give h(3).
2
Let y(j) = -j**2 + 183*j - 2364. Calculate y(14).
2
Let d(z) = 13*z - 141. Calculate d(10).
-11
Let m(f) = -33*f - 1161. Calculate m(-35).
-6
Let p(n) = 4*n - 3. What is p(1)?
1
Let s(m) = -5*m**2 - 270*m + 51. Calculate s(-54).
51
Let h(c) = 2*c**3 - 3*c**2 - 16*c - 14. Give h(-1).
-3
Let p(u) = -2*u**3 - 55*u**2 + 37*u + 265. Give p(-28).
13
Let i(q) = 35*q**2 + 4903*q + 320. Give i(-140).
-100
Let d(t) = -3*t**2 + 89*t + 76. Determine d(27).
292
Let a(g) = 475*g + 361. Give a(-1).
-114
Let f(n) = -n**3 + 2*n**2 - 7073*n + 28311. Calculate f(4).
-13
Let d(g) = 3*g**3 - 124*g**2 - 87*g + 125. Calculate d(42).
-1
Let b(h) = h**3 - 41*h - 13. What is b(-6)?
17
Let s(m) = 2385*m - 2329. What is s(1)?
56
Let q(u) = 4*u**2 + 173*u + 533. What is q(-39)?
-130
Let o(k) = 9*k**2 - 174*k + 118. What is o(18)?
-98
Let w(g) = -2620*g + 7767. Calculate w(3).
-93
Let n(p) = 19*p**2 - 307*p + 44. What is n(16)?
-4
Let i(d) = 5*d**2 - 463*d - 180. Give i(93).
6
Let k(p) = 109*p - 738. Determine k(7).
25
Let z(r) = r**3 + 26*r**2 - 128*r - 252. Calculate z(-30).
-12
Let j(i) = i**3 + 43*i**2 - 48*i + 587. Calculate j(-44).
763
Let c(w) = 6*w**3 + 51*w**2 + 17*w - 4. What is c(-8)?
52
Let c(m) = -14*m**2 + 52*m - 51. What is c(1)?
-13
Let u(o) = o**2 + 16*o - 281. Calculate u(13).
96
Let g(h) = -2*h**2 - 13*h + 128. What is g(-12)?
-4
Let t(h) = 19*h + 22. Determine t(-8).
-130
Let m(s) = s**2 + 179*s + 1827. Give m(-11).
-21
Let s(l) = 7*l**2 + 241*l + 1983. Calculate s(-14).
-19
Let l(p) = 2*p**2 - 120*p - 49. Give l(60).
-49
Let d(v) = -v**3 + 2*v**2 + 4*v + 49. Give d(6).
-71
Let k(c) = -10*c**2 - 20*c + 26. Give k(4).
-214
Let p(f) = f**3 + 3*f**2 - 3*f + 15. Determine p(-6).
-75
Let f(w) = w**2 - 12*w - 6. Calculate f(14).
22
Let p(k) = -2*k**2 + 46*k + 1959. Calculate p(-22).
-21
Let b(k) = -2*k**2 + 265*k - 1125. Determine b(128).
27
Let u(s) = -331*s - 1662. Calculate u(-5).
-7
Let r(x) = 721*x + 10824. Give r(-15).
9
Let i(g) = -104*g**2 + 713*g + 122. Give i(7).
17
Let t(a) = 12*a - 30. What is t(2)?
-6
Let l(d) = -d**2 + 25*d - 91. What is l(23)?
-45
Let n(c) = c**2 + 29*c - 13. Calculate n(-9).
-193
Let b(n) = 2*n**2 + 394*n - 2839. What is b(7)?
17
Let j(q) = -9*q**3 - 53*q**2 + 8*q + 57. Give j(-6).
45
Let x(j) = -j**3 + 11*j**2 - 22*j - 26. Give x(7).
16
Let c(a) = -72*a + 313. What is c(2)?
169
Let a(x) = -85*x**3 + 2*x**2 + 4*x + 2. Give a(-1).
85
Let d(p) = p**2 + 5*p - 29. Give d(-20).
271
Let t(z) = 146*z - 901. What is t(6)?
-25
Let a(t) = -3*t**2 + 452*t + 3095. Calculate a(-7).
-216
Let a(w) = 2*w**3 + 20*w**2 - 72*w - 511. Give a(-11).
39
Let p(u) = u**3 + 16*u**2 + 13*u - 51. Give p(-15).
-21
Let y(o) = 2*o**3 - 46*o**2 - 63*o + 34. Determine y(25).
959
Let i(q) = -9*q**2 - 81*q + 13. Calculate i(-8).
85
Let z(o) = -975*o + 3895. Give z(4).
-5
Let c(k) = -k**2 - 84*k - 1236. Give c(-19).
-1
Let b(o) = -o**3 - 8*o**2 + 56*o - 11. What is b(-12)?
-107
Let x(s) = s**2 + 41*s + 348. Calculate x(-12).
0
Let q(o) = -11*o + 70. Give q(10).
-40
Let s(c) = -c**3 - 73*c**2 - 145*c - 215. Calculate s(-71).
-2
Let v(c) = -16*c - 566. What is v(-35)?
-6
Let v(b) = 3*b**2 - 31*b + 65. Determine v(7).
-5
Let v(l) = 174*l + 712. Determine v(-4).
16
Let d(m) = -22*m + 79. Give d(4).
-9
Let s(i) = i**2 + 168*i + 939. Give s(-6).
-33
Let b(u) = -204*u + 6756. Give b(32).
228
Let s(a) = a**3 + 104*a**2 + 583*a - 510. Calculate s(-98).
-20
Let k(j) = 6*j**3 - 682*j**2 - 227*j - 135. What is k(114)?
-21
Let h(i) = -61*i - 707. Determine h(-12).
25
Let c(o) = o**3 + 45*o**2 + 5*o + 233. Calculate c(-45).
8
Let t(u) = -2*u**3 + 322*u**2 + 655*u - 479. Give t(163).
10
Let y(t) = 10*t - 74. Calculate y(28).
206
Let m(l) = -l**3 + 45*l**2 - 31*l - 240. Calculate m(44).
332
Let c(i) = -21*i - 1972. Give c(-77).
-355
Let z(q) = q**3 - 9*q**2 - 127*q + 993. Determine z(7).
6
Let m(g) = 202*g + 2350. Give m(-11).
128
Let o(n) = -n**3 + 7*n**2 - 4063*n + 32578. Calculate o(8).
10
Let w(z) = -10*z**2 - 125*z - 43. Determine w(-12).
17
Let z(x) = -x**3 + 9*x**2 + 11*x - 76. Determine z(10).
-66
Let j(t) = -t**2 + 46*t + 21381. What is j(-125)?
6
Let n(z) = -z**3 + 10*z**2 - 1118*z + 9978. Calculate n(9).
-3
Let n(o) = o**3 + 32*o**2 + 10*o - 626. Determine n(-31).
25
Let r(v) = 452*v + 4108. Determine r(-9).
40
Let q(v) = v + 72. Determine q(18).
90
Let r(f) = -5*f**3 - 5*f**2 - 6*f - 29. Calculate r(-5).
501
Let a(i) = 8572*i + 162870. Calculate a(-19).
2
Let r(j) = -j**3 - 14*j**2 - 23*j + 10. Give r(-12).
-2
Let h(c) = c**3 - 70*c**2 + 202*c - 89. Give h(67).
-22
Let u(n) = n**3 + 14*n**2 + 43*n + 63. Calculate u(-10).
33
Let o(w) = w**3 + 30*w**2 + 27*w - 66. What is o(-29)?
-8
Let s(u) = -4*u - 194. Calculate s(-34).
-58
Let u(v) = -14*v - 376. Give u(-33).
86
Let d(q) = -80*q - 6363. Determine d(-80).
37
Let i(u) = -2523*u + 60. Give i(0).
60
Let w(c) = -c**3 + 6*c**2 + 14*c - 58. Determine w(4).
30
Let g(f) = f**3 - 71*f**2 + 13*f - 911. Calculate g(71).
12
Let r(h) = -220*h**2 + 3299*h - 50. Calculate r(15).
-65
Let p(a) = -61*a - 1971. Determine p(-32).
-19
Let z(g) = -15*g**2 + 9*g - 35. Give z(-4).
-311
Let p(m) = -7224*m - 50552. Determine p(-7).
16
Let d(z) = -6*z - 130. Calculate d(-13).
-52
Let c(y) = -7*y + 186. What is c(24)?
18
Let g(n) = -9*n**2 + 133*n + 624. Calculate g(-4).
-52
Let n(i) = -i**2 - 71*i - 448. Determine n(-7).
0
Let s(x) = -5*x**2 + 59*x + 34. Determine s(14).
-120
Let r(c) = -52*c + 282. Determine r(5).
22
Let r(y) = 205*y - 1213. Give r(6).
17
Let f(d) = -d**3 + 69*d**2 + 419*d - 33117. Give f(68).
-1
Let r(f) = -f**3 - 4*f**2 - 8*f - 67. What is r(-5)?
-2
Let x(b) = 47*b - 422. Determine x(7).
-93
Let u(z) = 451*z + 15780. What is u(-35)?
-5
Let o(q) = 104*q - 20381. What is o(196)?
3
Let l(f) = -f**2 + 98*f - 1516. What is l(79)?
-15
Let w(d) = 8*d - 131. Determine w(15).
-11
Let z(q) = q**3 - 4*q**2 - 1634*q + 9728. What is z(6)?
-4
Let s(t) = -8*t + 333. What is s(37)?
37
Let p